{"version":"1.0","provider_name":"IASEIE","provider_url":"https:\/\/congressinterceei.com\/iaseie","author_name":"Direto da Reda\u00e7\u00e3o","author_url":"https:\/\/congressinterceei.com\/iaseie\/index.php\/author\/congressinterceei\/","title":"GFC Magazine: Confira a entrevista! - IASEIE","type":"rich","width":600,"height":338,"html":"<blockquote class=\"wp-embedded-content\" data-secret=\"MgW7D0V6MK\"><a href=\"https:\/\/congressinterceei.com\/iaseie\/index.php\/2023\/12\/28\/gfc-magazine-confira-a-entrevista\/\">GFC Magazine: Confira a entrevista!<\/a><\/blockquote><iframe sandbox=\"allow-scripts\" security=\"restricted\" src=\"https:\/\/congressinterceei.com\/iaseie\/index.php\/2023\/12\/28\/gfc-magazine-confira-a-entrevista\/embed\/#?secret=MgW7D0V6MK\" width=\"600\" height=\"338\" title=\"&#8220;GFC Magazine: Confira a entrevista!&#8221; &#8212; IASEIE\" data-secret=\"MgW7D0V6MK\" frameborder=\"0\" marginwidth=\"0\" marginheight=\"0\" scrolling=\"no\" class=\"wp-embedded-content\"><\/iframe><script type=\"text\/javascript\">\n\/* <![CDATA[ *\/\n\/*! This file is auto-generated *\/\n!function(d,l){\"use strict\";l.querySelector&&d.addEventListener&&\"undefined\"!=typeof URL&&(d.wp=d.wp||{},d.wp.receiveEmbedMessage||(d.wp.receiveEmbedMessage=function(e){var t=e.data;if((t||t.secret||t.message||t.value)&&!\/[^a-zA-Z0-9]\/.test(t.secret)){for(var s,r,n,a=l.querySelectorAll('iframe[data-secret=\"'+t.secret+'\"]'),o=l.querySelectorAll('blockquote[data-secret=\"'+t.secret+'\"]'),c=new RegExp(\"^https?:$\",\"i\"),i=0;i<o.length;i++)o[i].style.display=\"none\";for(i=0;i<a.length;i++)s=a[i],e.source===s.contentWindow&&(s.removeAttribute(\"style\"),\"height\"===t.message?(1e3<(r=parseInt(t.value,10))?r=1e3:~~r<200&&(r=200),s.height=r):\"link\"===t.message&&(r=new URL(s.getAttribute(\"src\")),n=new URL(t.value),c.test(n.protocol))&&n.host===r.host&&l.activeElement===s&&(d.top.location.href=t.value))}},d.addEventListener(\"message\",d.wp.receiveEmbedMessage,!1),l.addEventListener(\"DOMContentLoaded\",function(){for(var e,t,s=l.querySelectorAll(\"iframe.wp-embedded-content\"),r=0;r<s.length;r++)(t=(e=s[r]).getAttribute(\"data-secret\"))||(t=Math.random().toString(36).substring(2,12),e.src+=\"#?secret=\"+t,e.setAttribute(\"data-secret\",t)),e.contentWindow.postMessage({message:\"ready\",secret:t},\"*\")},!1)))}(window,document);\n\/* ]]> *\/\n<\/script>\n","thumbnail_url":"https:\/\/congressinterceei.com\/iaseie\/wp-content\/uploads\/2023\/12\/WhatsApp-Image-2023-12-27-at-21.25.14.jpeg","thumbnail_width":740,"thumbnail_height":1024,"description":"O receber \u00e9 o resultado do dar! \ud83d\ude4f\ud83d\ude4c ACESSE A REVISTA: https:\/\/heyzine.com\/flip-book\/64b57f182f.html Diretora da AME de Orlando &#8211; Associa\u00e7\u00e3o de Mulheres Empreendedoras de Orlando: Querida Dra Gra\u00e7a Como vc est\u00e1 ? N\u00e3o temos palavras para expressar nossa gratid\u00e3o por vc participar da nossa GFC Magazine. Muito obrigada pelo apoio e colabora\u00e7\u00e3o . Muito obrigada por acreditar em nossa miss\u00e3o ! Nossa ora\u00e7\u00e3o \u00e9 que Deus aben\u00e7oe grandemente sua vida , sua fam\u00edlia e seu neg\u00f3cio e te fa\u00e7a prosperar ainda mais em tudo . Estamos honrados por te-la como capa dessa edi\u00e7\u00e3o \u2764\ufe0f Estamos agora mesmo enviando em nossa Mala direta e j\u00e1 na largada estara chegando a 3000 e-mails. Espero que voc\u00ea goste Beijo Grande Pastora Renata Loyola"}

Direto da Redação

O receber é o resultado do dar! 🙏🙌 ACESSE A REVISTA: https://heyzine.com/flip-book/64b57f182f.html Diretora da AME de Orlando &#8211; Associação de Mulheres Empreendedoras de Orlando: Querida Dra Graça Como vc está ? Não temos palavras para expressar nossa gratidão por vc participar da nossa GFC Magazine. Muito obrigada pelo apoio e colaboração . Muito obrigada por acreditar em nossa missão ! Nossa oração é que Deus abençoe grandemente sua vida , sua família e seu negócio e te faça prosperar ainda mais em tudo . Estamos honrados por te-la como capa dessa edição ❤️ Estamos agora mesmo enviando em nossa Mala direta e já na largada estara chegando a 3000 e-mails. Espero que você goste Beijo Grande Pastora Renata Loyola
